06*t + 296. What are the prime factors of l(-18)?
2, 13151
Let n(x) = x**2 + 5*x - 3. Let m be n(-6). Let o be m - (5 + 0)*1. List the prime factors of (64 - o)*(-40)/(-15).
2, 11
Suppose -3*c + 3 = -b, 2*c + c = 2*b. Let n be -4 - (-589)/b - 4/(-6). List the prime factors of -2*(24/32 + n/(-4)).
5, 19
Let o(i) = 278*i + 16. Let c be o(4). Suppose -7*p + c - 6378 = 0. What are the prime factors of (12/15)/((-4)/p)?
2, 3, 5
Let i = -27 - -31. Suppose 20 = -0*s - i*s. Let y(c) = 4*c**2 + 11*c - 1. List the prime factors of y(s).
2, 11
Let t = -9837 - -16759. List the prime factors of t.
2, 3461
Let k(t) = t**3 + 31*t**2 + 68*t - 31. What are the prime factors of k(-22)?
3, 23, 41
Let h(z) = -z**3 + 6*z**2 - 2*z + 13. Let m(q) = q**3 - 5*q**2 + 6. Let y be m(5). Let n be h(y). What are the prime factors of 80/n - (8 - 8)?
2, 5
Let z be -3*(107 + 0 + 7). Let i = 431 - z. List the prime factors of i.
773
Let m(a) = -a**3 + a**2 + 13*a + 10. Let d be m(6). Let b = d + 819. List the prime factors of b.
727
List the prime factors of (19990/(-4))/((-24)/240).
5, 1999
Let i(j) = 195*j**2 + j + 1. Let f be i(-1). Let d be 64/16 - 0/(-2). Suppose 7*m = d*m + f. What are the prime factors of m?
5, 13
Suppose 0 = 8*i - 63941 - 23821 + 7930. List the prime factors of i.
17, 587
Suppose -7 = 4*s + 3*h + 3, 3*s + 4*h + 4 = 0. What are the prime factors of (s/6)/((-11)/(813186/36))?
37
Let s = 20 + -6. Let n = s + -11. Suppose n*w = -15, -5*f - 5*w + 83 = -3*f. What are the prime factors of f?
2, 3
Suppose 15*v - 1669 = 10*v + m, -3*v - m = -1003. Suppose 3*l - 3*h - 1548 = 0, -4*l - 4*h = -v - 1698. What are the prime factors of l?
2
Suppose 4 = -4*g - p, -4*g + 5 = -2*p - 3. Let u be (-5 + -3)*6 + (2 - g). Let q = u - -246. What are the prime factors of q?
2, 5
Let t(y) = y**3 + 16*y**2 + 13*y - 15. Let w(h) = 10*h + 26. Let k be w(-4). Let b be t(k). Suppose -2*f + b = 3*f. What are the prime factors of f?
3, 13
Suppose -2*k = k + 4*r - 991, -k = 2*r - 333. Let j = k - 85. Let m = 384 - j. List the prime factors of m.
2, 3
What are the prime factors of ((-54383)/51)/((-14)/6)?
457
Let p(u) = -21*u**3 - 2*u**2 - 3. Let h be 6/(-36)*14 - 2/(-6). List the prime factors of p(h).
157
Suppose -5*q = v + 1166, -q - 4*v - 686 = 2*q. Let i = -140 - q. Suppose 4*p + 4*l = 132, -5*l - i = -7*p + 5*p. What are the prime factors of p?
37
List the prime factors of (180/48 + -5)/(1/(-12880)*2).
2, 5, 7, 23
Let a(b) = 3306*b**2 - 291*b - 1138. List the prime factors of a(-4).
2, 47, 563
Let y = 735 + -732. Suppose -y*n = 4*t - 4763, t - 3624 - 2718 = -4*n. List the prime factors of n.
5, 317
Let b = 207 - 547. Let r = b + 855. List the prime factors of r.
5, 103
Let i be (-2)/(-7) + 57*8/168. Suppose -i*p = q - 461, -6*q + 3*q - 787 = -5*p. What are the prime factors of p?
5, 31
Let z = -157 - -160. List the prime factors of (-3 - -69) + 4 - z.
67
Suppose 0 = 5*d - 25, 0*o + 5 = -o + 2*d. Suppose -o*g + 4893 = 268. Suppose 90 = -5*h + g. What are the prime factors of h?
167
Let f be 6*(3*2 + 782/(-138)). Suppose 5*j + 5*a - 6868 = 6*a, f*a - 5500 = -4*j. What are the prime factors of j?
2, 3, 229
Suppose 20*p = 77831 + 25109. List the prime factors of p.
5147
Let n(r) = 172*r**2 + 58*r - 2. What are the prime factors of n(8)?
2, 5, 31, 37
Let a = 6 - 6. Suppose a = -5*f + 37 + 58. Let t = f + 22. List the prime factors of t.
41
Suppose -7*a - 2175 = -873. Let m = a - -547. List the prime factors of m.
19
List the prime factors of (-18)/(2/(120708/(-27))).
2, 3, 7, 479
Let d(b) = -b**3 + 7*b**2 - 3*b - 9. Let x be d(-5). Suppose -o + 10 = 8. Suppose o*z - x - 70 = 0. List the prime factors of z.
2, 47
Let o(r) = 14*r + 75. Let v be o(33). Suppose 1143 + v = 21*g. List the prime factors of g.
2, 5
Let f(y) = -4*y + 26. Let i be f(6). Suppose -v + 1 - 5 = 0, -v = -i*r + 454. List the prime factors of r.
3, 5
Suppose -h + 3 = 6, -4*d = 2*h - 530. Let y = d - -368. List the prime factors of y.
2, 251
Let j(h) = 7*h + 2*h + 466 - 3*h + 75 - 120. What are the prime factors of j(43)?
7, 97
Suppose -3*a + 2*a = 4*a. Suppose -4*g + 3*q = 3, 0 = -3*g - a*q - 5*q + 34. List the prime factors of ((-33)/g)/(0 + 1/(-13)).
11, 13
Let y be (12/(-10))/((-12)/30). Suppose -y*m + 51 = -5*q, m + m - 50 = -2*q. Let g = 26 - m. List the prime factors of g.
2
List the prime factors of (-38880)/(-84)*140/8.
2, 3, 5
Let p be 28*((-1155)/49)/(-5). Suppose -85 - 71 = 4*a. Let f = a + p. What are the prime factors of f?
3, 31
Suppose 199453 = 25*y - 30772 + 24050. What are the prime factors of y?
3, 2749
Let h = 56372 + -27371. List the prime factors of h.
3, 7, 1381
Suppose -225146 = -262*h + 1009318 + 1118034. List the prime factors of h.
3, 41, 73
What are the prime factors of (1/(-1))/1 - -2 - (-6 + -3455)?
2, 3, 577
Let g(v) = 11*v**2 + 5*v + 3. Let n(d) = -d**2 + 11*d - 24. Let m be n(6). Suppose -m = j - 10. What are the prime factors of g(j)?
199
Let s = 13399 - 2910. What are the prime factors of s?
17, 617
Suppose 4*d - 9290 = 13042. What are the prime factors of d?
3, 1861
Let o be 11/4 - -2 - (-42)/168. Let g(m) = 21*m**2 - 6*m - 31. List the prime factors of g(o).
2, 29
Let a be 16/(64/276) - (0 + 0). Let c = -67 + a. List the prime factors of c.
2
Let c be 360/(-27)*(-6)/(-5). Let f be 14/(-56) + (-2)/(c/58). Let i = f + 57. What are the prime factors of i?
2
Let p be 4 + (-18)/(-171) + (-34)/(-38). Suppose 2*w - 406 = -p*v - 0*v, -5*w + 255 = 3*v. What are the prime factors of v?
2, 5
Let u = 3890 + 2910. List the prime factors of u.
2, 5, 17
What are the prime factors of 135/36*(-1760)/(-20)?
2, 3, 5, 11
Let m(h) = -10 + 4*h + 2*h**2 + 23 - 7*h**2. Let d be m(-2). Let o = 36 - d. List the prime factors of o.
3, 17
Let b = -21621 - -35685. List the prime factors of b.
2, 3, 293
Suppose 3*b - 18 = -3*t, 0 = 4*t + t + b - 22. Suppose 3*d - t = 2*d, -2*v = -3*d - 568. List the prime factors of v.
2, 5, 29
Let k(n) = -44*n**3 + 9*n**2 - 3*n + 6. List the prime factors of k(-5).
2, 13, 17
Let i be (-38)/(-8) + (-24)/32. Suppose -7 = -5*a - v, -i*a - 3*v = -2 + 3. List the prime factors of 31 - (a + 5 - 4).
2, 7
Let l(r) be the second derivative of 7*r**3/3 + 7*r**2/2 - r. Suppose 0 = 3*p - 15, 3*b - 233*p + 234*p = 20. List the prime factors of l(b).
7, 11
List the prime factors of (-2*1/2)/(25/8638350*-14).
3, 19, 433
Let y = 172 - 178. What are the prime factors of (y - 2) + -3 + 1037?
2, 3, 19
Suppose 5*d + 7*d - 61284 = 0. Let x = d + -662. List the prime factors of x/20 + (-1)/4.
2, 3, 37
Suppose 199*o = 264*o - 2129790. What are the prime factors of o?
2, 3, 43, 127
Suppose 0 = 5*x + 2*k - 73874, -8*k = 3*x - 3*k - 44294. What are the prime factors of x?
2, 3, 821
Let c(z) be the third derivative of -z**4/12 + z**3/3 + 3*z**2. Let a be c(7). List the prime factors of -1*3/(-9) + (-440)/a.
37
Let i(k) = -3038 + 3038 + 445*k**2 - 2*k. List the prime factors of i(1).
443
Let d = 109817 - 77885. What are the prime factors of d?
2, 3, 887
Suppose 0 = 35*y - 272187 + 58667 - 58780. List the prime factors of y.
2, 5, 389
Let s(v) = 3 - v**2 + 4*v**2 - 14*v**3 + 3*v - 4*v**2. Suppose 0 = 40*q + 49 + 31. List the prime factors of s(q).
3, 5, 7
Suppose 162909 + 122339 + 103831 = 9*c. List the prime factors of c.
17, 2543
Let u = 139 + -4144. List the prime factors of (4/5)/((-18)/u).
2, 89
Let u be 1 + 4 + -1 + -9. List the prime factors of 15/(720/(-145) - u).
3, 5, 29
Let s = 141 + -137. Suppose -s*q - 2*a + 895 + 15 = 0, 0 = -q + 5*a + 244. What are the prime factors of q?
229
Let j(z) = 2*z - 45. Let b(i) = -i + 22. Let t(p) = 9*b(p) + 4*j(p). Let n be t(5). Let k = 20 - n. List the prime factors of k.
7
Let t(z) = 24*z**2 - 3*z + 1. Let a be t(3). Let s = -281 + 278. What are the prime factors of (a/(-78))/(s/((-225)/(-2)))?
2, 5
Suppose -j - 14 = -16. Suppose -4*y = -3*t + 284, j*t - 6*t = -5*y - 379. Let b = -36 + t. What are the prime factors of b?
2, 3, 5
Suppose 4*o + 14 = 5*w, 2*o - 4 = 2*w - 10. Suppose -s = -2*z - 2*z + 1547, 4*z = -w*s + 1550. What are the prime factors of z?
3, 43
Let u(z) = -z**2 - 5*z - 8. Suppose 3*g - 4*d = g + 2, g - 5*d - 7 = 0. Let n be u(g). List the prime factors of (2*-34)/(n/(8/4)).
2, 17
Let r(x) = -16*x**3 - 9*x**2 - 7*x + 7. Let p be r(-5). List 